{"id":16076,"date":"2023-11-29T10:33:41","date_gmt":"2023-11-29T10:33:41","guid":{"rendered":"https:\/\/azprotr.com\/?post_type=product&#038;p=16076"},"modified":"2023-11-30T16:33:46","modified_gmt":"2023-11-30T16:33:46","slug":"qargidali-yagi","status":"publish","type":"product","link":"https:\/\/azprotr.com\/index.php\/product\/qargidali-yagi\/","title":{"rendered":"Qar\u011f\u0131dal\u0131 Ya\u011f\u0131"},"content":{"rendered":"","protected":false},"excerpt":{"rendered":"","protected":false},"featured_media":16059,"comment_status":"closed","ping_status":"closed","template":"","meta":[],"product_cat":[71],"product_tag":[],"class_list":["post-16076","product","type-product","status-publish","has-post-thumbnail","hentry","product_cat-yaglar"],"_links":{"self":[{"href":"https:\/\/azprotr.com\/index.php\/wp-json\/wp\/v2\/product\/16076","targetHints":{"allow":["GET"]}}],"collection":[{"href":"https:\/\/azprotr.com\/index.php\/wp-json\/wp\/v2\/product"}],"about":[{"href":"https:\/\/azprotr.com\/index.php\/wp-json\/wp\/v2\/types\/product"}],"replies":[{"embeddable":true,"href":"https:\/\/azprotr.com\/index.php\/wp-json\/wp\/v2\/comments?post=16076"}],"version-history":[{"count":2,"href":"https:\/\/azprotr.com\/index.php\/wp-json\/wp\/v2\/product\/16076\/revisions"}],"predecessor-version":[{"id":16229,"href":"https:\/\/azprotr.com\/index.php\/wp-json\/wp\/v2\/product\/16076\/revisions\/16229"}],"wp:featuredmedia":[{"embeddable":true,"href":"https:\/\/azprotr.com\/index.php\/wp-json\/wp\/v2\/media\/16059"}],"wp:attachment":[{"href":"https:\/\/azprotr.com\/index.php\/wp-json\/wp\/v2\/media?parent=16076"}],"wp:term":[{"taxonomy":"product_cat","embeddable":true,"href":"https:\/\/azprotr.com\/index.php\/wp-json\/wp\/v2\/product_cat?post=16076"},{"taxonomy":"product_tag","embeddable":true,"href":"https:\/\/azprotr.com\/index.php\/wp-json\/wp\/v2\/product_tag?post=16076"}],"curies":[{"name":"wp","href":"https:\/\/api.w.org\/{rel}","templated":true}]}}