{"id":4400,"date":"2021-10-12T15:51:09","date_gmt":"2021-10-12T15:51:09","guid":{"rendered":"http:\/\/dummy.xtemos.com\/woodmart2\/elementor\/?page_id=4400"},"modified":"2024-01-11T17:25:46","modified_gmt":"2024-01-11T17:25:46","slug":"missiyamiz","status":"publish","type":"page","link":"https:\/\/azprotr.com\/index.php\/missiyamiz\/","title":{"rendered":"Missiyam\u0131z"},"content":{"rendered":"\t\t<div data-elementor-type=\"wp-page\" data-elementor-id=\"4400\" class=\"elementor elementor-4400\" data-elementor-post-type=\"page\">\n\t\t\t\t\t\t\t<div class=\"wd-negative-gap elementor-element elementor-element-2f4e197 e-flex e-con-boxed wd-section-disabled e-con e-parent\" data-id=\"2f4e197\" data-element_type=\"container\" data-settings=\"{&quot;content_width&quot;:&quot;boxed&quot;}\" data-core-v316-plus=\"true\">\n\t\t\t\t\t<div class=\"e-con-inner\">\n\t\t\t\t<div class=\"elementor-element elementor-element-864adbe animated-slow elementor-invisible elementor-widget elementor-widget-wd_image_or_svg\" data-id=\"864adbe\" data-element_type=\"widget\" data-settings=\"{&quot;_animation&quot;:&quot;zoomIn&quot;}\" data-widget_type=\"wd_image_or_svg.default\">\n\t\t\t\t<div class=\"elementor-widget-container\">\n\t\t\t\n\t\t<div class=\"wd-image text-center\">\n\t\t\t\t\t\t\t\t<img fetchpriority=\"high\" decoding=\"async\" width=\"582\" height=\"209\" src=\"https:\/\/azprotr.com\/wp-content\/uploads\/2023\/11\/ty_12.jpg\" class=\"attachment-full size-full\" alt=\"\" srcset=\"https:\/\/azprotr.com\/wp-content\/uploads\/2023\/11\/ty_12.jpg 582w, https:\/\/azprotr.com\/wp-content\/uploads\/2023\/11\/ty_12-430x154.jpg 430w, https:\/\/azprotr.com\/wp-content\/uploads\/2023\/11\/ty_12-150x54.jpg 150w, https:\/\/azprotr.com\/wp-content\/uploads\/2023\/11\/ty_12-400x144.jpg 400w\" sizes=\"(max-width: 582px) 100vw, 582px\" \/>\t\t\t\t\t<\/div>\n\n\t\t\t\t<\/div>\n\t\t\t\t<\/div>\n\t\t\t\t\t<\/div>\n\t\t\t\t<\/div>\n\t\t<div class=\"wd-negative-gap elementor-element elementor-element-bccf0f3 e-flex e-con-boxed wd-section-disabled e-con e-parent\" data-id=\"bccf0f3\" data-element_type=\"container\" data-settings=\"{&quot;background_background&quot;:&quot;classic&quot;,&quot;content_width&quot;:&quot;boxed&quot;}\" data-core-v316-plus=\"true\">\n\t\t\t\t\t<div class=\"e-con-inner\">\n\t\t\t\t<div class=\"elementor-element elementor-element-77c402f elementor-widget elementor-widget-spacer\" data-id=\"77c402f\" data-element_type=\"widget\" data-widget_type=\"spacer.default\">\n\t\t\t\t<div class=\"elementor-widget-container\">\n\t\t\t<style>\/*! elementor - v3.17.0 - 08-11-2023 *\/\n.elementor-column .elementor-spacer-inner{height:var(--spacer-size)}.e-con{--container-widget-width:100%}.e-con-inner>.elementor-widget-spacer,.e-con>.elementor-widget-spacer{width:var(--container-widget-width,var(--spacer-size));--align-self:var(--container-widget-align-self,initial);--flex-shrink:0}.e-con-inner>.elementor-widget-spacer>.elementor-widget-container,.e-con>.elementor-widget-spacer>.elementor-widget-container{height:100%;width:100%}.e-con-inner>.elementor-widget-spacer>.elementor-widget-container>.elementor-spacer,.e-con>.elementor-widget-spacer>.elementor-widget-container>.elementor-spacer{height:100%}.e-con-inner>.elementor-widget-spacer>.elementor-widget-container>.elementor-spacer>.elementor-spacer-inner,.e-con>.elementor-widget-spacer>.elementor-widget-container>.elementor-spacer>.elementor-spacer-inner{height:var(--container-widget-height,var(--spacer-size))}.e-con-inner>.elementor-widget-spacer.elementor-widget-empty,.e-con>.elementor-widget-spacer.elementor-widget-empty{position:relative;min-height:22px;min-width:22px}.e-con-inner>.elementor-widget-spacer.elementor-widget-empty .elementor-widget-empty-icon,.e-con>.elementor-widget-spacer.elementor-widget-empty .elementor-widget-empty-icon{position:absolute;top:0;bottom:0;left:0;right:0;margin:auto;padding:0;width:22px;height:22px}<\/style>\t\t<div class=\"elementor-spacer\">\n\t\t\t<div class=\"elementor-spacer-inner\"><\/div>\n\t\t<\/div>\n\t\t\t\t<\/div>\n\t\t\t\t<\/div>\n\t\t\t\t<div class=\"elementor-element elementor-element-fd66b0c animated-slow elementor-invisible elementor-widget elementor-widget-wd_title\" data-id=\"fd66b0c\" data-element_type=\"widget\" data-settings=\"{&quot;_animation&quot;:&quot;zoomIn&quot;}\" data-widget_type=\"wd_title.default\">\n\t\t\t\t<div class=\"elementor-widget-container\">\n\t\t\t\t\t<div class=\"title-wrapper set-mb-s reset-last-child wd-title-color-primary wd-title-style-default wd-title-size-large text-center\">\n\n\t\t\t\t\t\t\t<div class=\"title-subtitle subtitle-color-primary subtitle-style-default wd-fontsize-xs\">\n\t\t\t\t\tAZPROTR M\u018fHDUD M\u018fSUL\u0130YY\u018fTL\u0130 C\u018fM\u0130YY\u018fT\t\t\t\t<\/div>\n\t\t\t\n\t\t\t<div class=\"liner-continer\">\n\t\t\t\t<h4 class=\"woodmart-title-container title wd-fontsize-xxl\">Bizim Missiyam\u0131z<\/h4> \n\t\t\t\t\t\t\t<\/div>\n\n\t\t\t\t\t<\/div>\n\t\t\t\t<\/div>\n\t\t\t\t<\/div>\n\t\t\t\t<div class=\"elementor-element elementor-element-07a8b34 animated-slow elementor-invisible elementor-widget elementor-widget-wd_text_block\" data-id=\"07a8b34\" data-element_type=\"widget\" data-settings=\"{&quot;_animation&quot;:&quot;zoomIn&quot;}\" data-widget_type=\"wd_text_block.default\">\n\t\t\t\t<div class=\"elementor-widget-container\">\n\t\t\t\t\t<div class=\"wd-text-block reset-last-child text-center\">\n\t\t\t\n\t\t\t<p>2015 ci ild\u0259 \u201cAZPROTR\u201d M\u0259hdud M\u0259suliyy\u0259tli C\u0259miyy\u0259ti t\u0259sis edilib.<\/p><p>M\u00fc\u0259ssis\u0259mizin Bu Tam \u0259mt\u0259\u0259 n\u0131\u015fanl\u0131 v\u0259 Food Servis MMC \u2013 l\u0259ri il\u0259 \u0259sas prinsipi Yerli istehsal \u00e7esidl\u0259rimizi artirmaqla yerli bazarda \u00f6z markamizla m\u0259hsul \u00e7esidl\u0259rimizi istehlak\u00e7ilara y\u00fcks\u0259k keyfiyy\u0259tl\u0259 istehsal edib son t\u00fck\u0259ticiy\u0259 \u00e7atd\u0131rmaqd\u0131r.<\/p><p>M\u00fc\u0259ssis\u0259l\u0259rimizin daxili istehsal v\u0259 eyni zamanda p\u0259rak\u0259nd\u0259 Satisi il\u0259 m\u00fc\u015ft\u0259ri m\u0259mnunlugunu \u0259ld\u0259 etm\u0259yi \u0259sas tutaraq f\u0259aliyy\u0259t\u0259 ba\u015flam\u0131\u015fd\u0131r.<\/p><p>H\u0259d\u0259fimiz \u00d6lk\u0259mizin istehsal g\u00fcc\u00fcn\u00fc art\u0131rmaqla \u0130dxaldan as\u0131l\u0131l\u0131\u011f\u0131n\u0131 azalmas\u0131na v\u0259 ixrac potensial\u0131n\u0131 daha da g\u00fccl\u00fc v\u0259 k\u00f6kl\u00fc olmas\u0131na nail olmaq v\u0259 eyni zamanda Az\u0259rbaycan iqtisadiyyat\u0131n\u0131n d\u00fcnya bazar\u0131nda i\u015ftirak\u0131n\u0131 t\u0259min etm\u0259kl\u0259 m\u0259hsul \u00e7esidliliyinin v\u0259 keyfiyy\u0259tinin optimallasd\u0131r\u0131lmas\u0131na \u00e7al\u0131\u015fmaq v\u0259 bu istiqam\u0259td\u0259 b\u00fct\u00fcn bilik bacar\u0131\u011f\u0131n\u0131 s\u0259f\u0259rb\u0259r etm\u0259kdir.<\/p>\n\t\t\t\t\t<\/div>\n\t\t\t\t<\/div>\n\t\t\t\t<\/div>\n\t\t\t\t<div class=\"elementor-element elementor-element-2a4ed9b elementor-widget elementor-widget-spacer\" data-id=\"2a4ed9b\" data-element_type=\"widget\" data-widget_type=\"spacer.default\">\n\t\t\t\t<div class=\"elementor-widget-container\">\n\t\t\t\t\t<div class=\"elementor-spacer\">\n\t\t\t<div class=\"elementor-spacer-inner\"><\/div>\n\t\t<\/div>\n\t\t\t\t<\/div>\n\t\t\t\t<\/div>\n\t\t\t\t\t<\/div>\n\t\t\t\t<\/div>\n\t\t\t\t\t\t\t<\/div>\n\t\t","protected":false},"excerpt":{"rendered":"<p>AZPROTR M\u018fHDUD M\u018fSUL\u0130YY\u018fTL\u0130 C\u018fM\u0130YY\u018fT Bizim Missiyam\u0131z 2015 ci ild\u0259 \u201cAZPROTR\u201d M\u0259hdud M\u0259suliyy\u0259tli C\u0259miyy\u0259ti t\u0259sis edilib. M\u00fc\u0259ssis\u0259mizin Bu Tam \u0259mt\u0259\u0259 n\u0131\u015fanl\u0131<\/p>\n","protected":false},"author":1,"featured_media":0,"parent":0,"menu_order":0,"comment_status":"closed","ping_status":"closed","template":"","meta":{"footnotes":""},"class_list":["post-4400","page","type-page","status-publish","hentry"],"_links":{"self":[{"href":"https:\/\/azprotr.com\/index.php\/wp-json\/wp\/v2\/pages\/4400","targetHints":{"allow":["GET"]}}],"collection":[{"href":"https:\/\/azprotr.com\/index.php\/wp-json\/wp\/v2\/pages"}],"about":[{"href":"https:\/\/azprotr.com\/index.php\/wp-json\/wp\/v2\/types\/page"}],"author":[{"embeddable":true,"href":"https:\/\/azprotr.com\/index.php\/wp-json\/wp\/v2\/users\/1"}],"replies":[{"embeddable":true,"href":"https:\/\/azprotr.com\/index.php\/wp-json\/wp\/v2\/comments?post=4400"}],"version-history":[{"count":23,"href":"https:\/\/azprotr.com\/index.php\/wp-json\/wp\/v2\/pages\/4400\/revisions"}],"predecessor-version":[{"id":16524,"href":"https:\/\/azprotr.com\/index.php\/wp-json\/wp\/v2\/pages\/4400\/revisions\/16524"}],"wp:attachment":[{"href":"https:\/\/azprotr.com\/index.php\/wp-json\/wp\/v2\/media?parent=4400"}],"curies":[{"name":"wp","href":"https:\/\/api.w.org\/{rel}","templated":true}]}}